
What is -14601615 (base 9) in base 2?
-11011101101100000000000
12686 (base 16) to base 4
102122012
Convert b75ee (base 15) to base 4.
2032003121
Convert 10303022 (base 5) to base 14.
24059
Convert 2210012 (base 4) to base 2.
10100100000110
14424110 (base 5) to base 15
30d70
-215015551 (base 6) to base 10
-3875035
What is 12120121110 (base 3) in base 4?
122303202
What is 101220221330 (base 4) in base 2?
10001101000101001111100
What is 2176022 (base 9) in base 12?
486478
What is -15b21 (base 13) in base 6?
-515452
What is -7e77e (base 16) in base 14?
-d6ad0
-2001020301 (base 4) to base 8
-2011061
Convert 2791701 (base 10) to base 16.
2a9915
29c (base 15) to base 11
4a3
Convert 36645 (base 13) to base 16.
18660
What is -8b134 (base 12) in base 3?
-100101212211
Convert -135223 (base 9) to base 10.
-82560
-1b18f (base 16) to base 4
-123012033
What is -230450 (base 12) in base 4?
-2020311330
5771 (base 13) to base 12
7118
Convert -316823 (base 9) to base 8.
-560517
Convert -1224313 (base 7) to base 3.
-22000011211
What is 690034 (base 10) in base 2?
10101000011101110010
Convert -2078ab (base 13) to base 12.
-307602
What is -246844 (base 11) in base 9?
-653464
Convert -100222122200 (base 3) to base 5.
-22242303
1102010202111 (base 3) to base 14
157810
-50a7 (base 15) to base 6
-210504
1b2d709 (base 14) to base 15
12cc95a
What is 1997949 (base 10) in base 7?
22660632
Convert -352331 (base 7) to base 9.
-105722
Convert 112021221221212 (base 3) to base 12.
2664412
114011523 (base 6) to base 5
1022213013
What is -112021020120022 (base 3) in base 8?
-34732026
132134552 (base 6) to base 13
70c049
Convert 97989 (base 10) to base 14.
279d3
-3015315 (base 6) to base 13
-4cac9
Convert 257210 (base 8) to base 4.
111322020
What is -1001110011110110 (base 2) in base 8?
-116366
-345a34 (base 12) to base 6
-25554504
What is 222253 (base 7) in base 5?
2223423
What is 10bd79 (base 15) in base 9?
1447676
Convert -111202021202 (base 3) to base 15.
-552e8
Convert 415150 (base 10) to base 12.
1802ba
Convert -640741 (base 10) to base 13.
-19584a
Convert 45202011 (base 7) to base 15.
5257a0
120211100001 (base 3) to base 6
10402131
What is 223024040 (base 5) in base 6?
33045253
-12212100222 (base 3) to base 4
-130023323
What is 375644 (base 9) in base 8?
673655
Convert -220001030 (base 4) to base 14.
-43a44
11011011010001110 (base 2) to base 10
112270
Convert 1436718 (base 9) to base 16.
c16d6
-10100110110110111 (base 2) to base 7
-504033
What is -101210302 (base 5) in base 12?
-17b156
-42621606 (base 7) to base 3
-20211201022200
4133001 (base 6) to base 3
101002220001
Convert -5023ad (base 14) to base 5.
-1142222344
Convert -38373 (base 12) to base 8.
-225407
Convert 6145411 (base 7) to base 10.
734224
What is -10101110010001001000 (base 2) in base 12?
-2a50b4
What is -444533321 (base 6) in base 14?
-1100521
-598db0 (base 15) to base 2
-10000010101100011011110
1100010001000101110110 (base 2) to base 8
14210566
-12426633 (base 7) to base 9
-2116463
Convert 21021101120111 (base 3) to base 4.
32233233220
d2bf3 (base 16) to base 14
186827
What is -2255298 (base 10) in base 16?
-2269c2
Convert -1120002021001 (base 3) to base 12.
-33b43a
What is 132230 (base 13) in base 12?
1a326b
Convert 1002335 (base 7) to base 10.
118508
bbc1 (base 13) to base 7
136223
Convert 10343331 (base 5) to base 12.
4442a
What is -31402061 (base 7) in base 8?
-12103753
b4cd8 (base 14) to base 5
102423334
What is 1455024 (base 6) in base 3?
11100001121
Convert -220133133 (base 4) to base 5.
-20301410
d946c (base 15) to base 16
a855e
205b90 (base 12) to base 6
14515500
What is 4589311 (base 11) in base 15?
a868c1
What is -133554240 (base 6) in base 13?
-739719
What is -1877153 (base 9) in base 7?
-11652531
Convert -69b37 (base 14) to base 2.
-111110110101110101
What is 9611 (base 15) in base 16?
7bfd
Convert 2120133002 (base 4) to base 14.
12388a
What is 652660 (base 8) in base 6?
4403440
What is 288417 (base 11) in base 7?
3554030
What is -12330021 (base 4) in base 3?
-1102222210
-535121 (base 7) to base 2
-10110101101011001
16a988 (base 14) to base 3
1111112011101
Convert 1678b (base 15) to base 9.
120505
1000111001011010 (base 2) to base 12
1910a
What is -2dadd (base 16) in base 13?
-67215
54044504 (base 6) to base 9
2886484
-50030 (base 13) to base 4
-202313330
Convert -71a99 (base 14) to base 10.
-273751
11100111111010000011 (base 2) to base 11
599738
What is -120282 (base 10) in base 13?
-42996
What is -1203412241 (base 5) in base 2?
-1010101010010011001000
Convert -231100001 (base 5) to base 3.
-1221112220020
What is -11061332 (base 8) in base 14?
-46104a
What is -202545243 (base 6) in base 14?
-6709bd
-13bca1 (base 15) to base 11
-59a741
Convert -110333133330 (base 4) to base 7.
-64526436
Convert -420034 (base 9) to base 14.
-66c29
What is -6001 (base 14) in base 16?
-4051
What is 2012012131 (base 4) in base 2?
10000110000110011101
-5020546 (base 8) to base 9
-2430625
What is -b9bcc (base 13) in base 11?
-20a469
What is 2246006 (base 7) in base 3?
112020212212
What is -746420 (base 8) in base 11?
-160179
Convert 292452 (base 12) to base 15.
d8e72
What is -134962 (base 10) in base 7?
-1101322
What is -1b9d41 (base 16) in base 11?
-1026749
Convert -133111302 (base 5) to base 14.
-138415
-3103315 (base 6) to base 11
-a1640
What is -32044342 (base 8) in base 10?
-6834402
-d40c0 (base 14) to base 5
-112314202
-479989 (base 10) to base 6
-14142101
171782 (base 9) to base 4
121331222
What is 340241232 (base 5) in base 10?
1493317
-35033430 (base 6) to base 8
-4071032
-14222131 (base 7) to base 16
-145840
-68566 (base 15) to base 9
-555336
Convert -2120000110210 (base 3) to base 4.
-11023222020
What is 132432302 (base 5) in base 6?
22214132
-24c377 (base 15) to base 6
-101435521
What is -1147561 (base 9) in base 11?
-3955a5
Convert -221033121300 (base 4) to base 8.
-51173160
3365273 (base 8) to base 10
912059
24003076 (base 8) to base 6
304223554
Convert 86236 (base 9) to base 2.
1101111011100001
What is -100231013101 (base 4) in base 12?
-1572241
What is -100001100010100101 (base 2) in base 10?
-137381
3739811 (base 10) to base 3
21001000001112
93574 (base 11) to base 8
412400
32014444 (base 6) to base 14
1a4ca0
Convert -9d28 (base 15) to base 5.
-2031323
What is 363310 (base 7) in base 10?
66010
-140246 (base 10) to base 13
-4bab2
Convert 21333311130 (base 4) to base 9.
4834010
What is a67a3 (base 14) in base 11?
255151
-54363405 (base 7) to base 6
-243432000
1277b2 (base 15) to base 7
10350032
-211021100 (base 4) to base 9
-251628
-1000100011110000111 (base 2) to base 15
-58170
Convert b132ad (base 14) to base 16.
5afdf9
Convert 10055a7 (base 11) to base 5.
423411223
Convert -1111100010110011011 (base 2) to base 8.
-1742633
Convert 1323145 (base 6) to base 4.
101321021
What is 1244403132 (base 5) in base 12?
1066a70
What is 10111110110011111011 (base 2) in base 14?
164b7d
Convert -10300410 (base 5) to base 7.
-513260
Convert -1525111 (base 6) to base 12.
-43797
What is -213756 (base 9) in base 8?
-370750
Convert -104425 (base 7) to base 6.
-221054
73be3a (base 16) to base 11
4310a82
Convert 485b52 (base 13) to base 16.
1a586b
8ee7e (base 15) to base 5
104034034
Convert 654175 (base 9) to base 10.
390164
1301524 (base 8) to base 12
155104
Convert 521750 (base 10) to base 16.
7f616
What is 27461 (base 15) in base 7?
1032646
What is 1507138 (base 9) in base 11?
519028
Convert -222120210101220 (base 3) to base 14.
-1c3ab34
Convert 180573 (base 9) to base 7.
644361
What is 21210122202 (base 4) in base 16?
2646a2
What is -35a94 (base 11) in base 9?
-78156
-21030141 (base 5) to base 12
-846b0
Convert 11656465 (base 9) to base 14.
a87786
-11010111000101 (base 2) to base 14
-5033
105a5a0 (base 12) to base 9
5756063
Convert 4dc0d2 (base 16) to base 10.
5095634
What is -812c8 (base 16) in base 4?
-2001023020
What is 17d0a (base 15) in base 7?
441013
Convert -12110200122 (base 4) to base 16.
-19481a
Convert -112012000 (base 4) to base 11.
-61a9a
Convert -1252783 (base 10) to base 7.
-13435300
-25442145 (base 6) to base 2
-11001010100111110001
5103412 (base 8) to base 3
2112100101120
Convert -1817102 (base 9) to base 15.
-150da5
What is 25bb97 (base 15) in base 12?
734481
-11976a (base 14) to base 13
-181268